 divided by z(d)?
1
Let g be 0 + 1 + -3 + 0. Let b(h) = 28*h**3 - 3*h + 3. Let j be b(-3). Calculate the remainder when j/(-40) + g/(-5) is divided by 5.
4
Let f(a) = a**3 + 5*a**2 - 10*a - 15. Calculate the remainder when 25 is divided by f(-6).
7
Let c = -519 - -527. Calculate the remainder when 95 is divided by c.
7
Let p(b) = -27*b + 172. What is the remainder when 702 is divided by p(4)?
62
Let b = -1420 + 1429. Calculate the remainder when 74 is divided by b.
2
Suppose 5*o = p - 133, 10*p - 3*o - 599 = 5*p. Calculate the remainder when p is divided by 35 + (-64)/(-4) + -10.
36
Suppose -y = -6*y + 25. Suppose -y*t - o = -80, 7*t - 3*t - 53 = -3*o. Let a(w) = 33*w**3 - w**2 + 2*w - 1. Calculate the remainder when a(1) is divided by t.
16
Suppose 5*z - 19 = -4. Suppose 16 = -o + 3*o + 4*s, 24 = z*o + 3*s. Calculate the remainder when 15 is divided by o.
7
Let a(f) = 14*f**2 - f - 3. Let x be a(-2). Suppose -11*c = -264 + x. What is the remainder when c is divided by 5?
4
Suppose 578 + 7 = 45*q. Calculate the remainder when 341 is divided by q.
3
Let s = -9 + 13. Suppose -20 = -2*u + s*z - 8, 0 = 5*u + 5*z - 45. Suppose -u + 36 = 4*y. Calculate the remainder when 13 is divided by y.
6
Let j be 0 + -1 + -1 + 13. Suppose l - 5 - 34 = 5*z, 0 = l + 5*z + j. What is the remainder when 27 is divided by l?
13
Let p(h) = 3 - 5 + 4*h - 6*h - 2*h + 2*h**2. Suppose 3*b + 10 - 40 = 0. Calculate the remainder when b is divided by p(3).
2
Suppose 0 = 7*b - 0*b - 973. Let p = -83 + b. What is the remainder when p is divided by 19?
18
Let j(o) = -4*o**3 - 9*o**2 - 12*o - 4. What is the remainder when 190 is divided by j(-2)?
14
Let o(u) = 2*u**3 - 6*u**2 - 8*u - 7. Let n be o(6). Let b = n + -90. Calculate the remainder when b is divided by 18.
17
Let t(d) be the third derivative of -d**6/120 + 7*d**5/30 - 5*d**4/12 - 17*d**3/6 + 2*d**2. Let z = 238 - 225. What is the remainder when 87 is divided by t(z)?
21
Let r be 552/20 + (-4)/(-10). Let o = r + 60. What is the remainder when o is divided by (-3)/2*5*-4?
28
What is the remainder when -2 + 964/7 - 54/(-189) is divided by 132?
4
Let a be 2*1 - (3600/(-5))/9. Calculate the remainder when -2*(a/(-4) + 32/(-8)) is divided by 14.
7
Suppose -3*d = -4*x - 10, -5*d + 15 = -4*x - 7. Calculate the remainder when d is divided by 2.
0
What is the remainder when 62 is divided by (-1 - -27)*44/88?
10
Suppose -4*h + 544 = 2*i, -i - 832 = -4*i + 2*h. What is the remainder when i is divided by 47?
41
Let b(k) = k - 9. Let o be b(4). Let q = -3 - o. Suppose -5*c + f + 3 = -c, -c - 5*f = -27. What is the remainder when q is divided by c?
0
Let k(i) = -2*i + 10. Let n = -16 - -8. Calculate the remainder when 103 is divided by k(n).
25
Suppose -24*i = -29*i + 4*s + 266, -5*s + 275 = 5*i. Calculate the remainder when i is divided by 22.
10
Let z = -379 + 610. Calculate the remainder when z is divided by 78.
75
Let j(q) = q**2 - 9*q + 23. Suppose -42 = 29*o - 30*o. Calculate the remainder when o is divided by j(7).
6
Let v = 8 + -5. Suppose -18 = -3*k + q, 2*k - 2*q = q + 5. What is the remainder when k is divided by v?
1
Suppose 4*w - 16*t - 1464 = -11*t, -3*t = -12. What is the remainder when w is divided by 22?
19
Suppose 430 = 2*d + 2*k, 3*d = d + 3*k + 435. Calculate the remainder when d is divided by 31.
30
Suppose 0*r + 39 = 2*r - 5*c, -5*c + 115 = 5*r. Suppose 0 = -3*w + 2 + 13. Suppose -80 = w*h - 505. Calculate the remainder when h is divided by r.
19
What is the remainder when (4 + 10/15*-3)*14 is divided by 3?
1
Suppose 40*t - 25 = 39*t. Calculate the remainder when 396 is divided by t.
21
Suppose -3*z + m = 2, z + 5*m = 4*z + 22. Let v(o) = o**3 + 12*o**2 - o - 11. What is the remainder when v(-12) is divided by z?
0
What is the remainder when -63*(-4)/((-60)/(-35)) + -4 is divided by 29?
27
Suppose -6 = u - 38. Suppose -5*j + j = -u. What is the remainder when 13 is divided by j?
5
What is the remainder when 1685/9 + (-24)/108 is divided by 65?
57
Suppose 2*t - 297 = -5*l, 22*l - 27*l + t = -294. Calculate the remainder when 223 is divided by l.
46
Let b = 127 + -96. Let f(p) = -p + 26. What is the remainder when b is divided by f(18)?
7
What is the remainder when 143 is divided by (-4)/16 + (-3225)/(-100)?
15
Suppose 5*v + 4*o + 535 = 0, 0 = 4*v + 5*o + 275 + 144. Let d = v + 122. What is the remainder when 21 is divided by d?
10
Let j(i) = -3*i**3 - 14*i**2 - 67*i - 318. Let r(a) = -83*a + 2. Calculate the remainder when r(-3) is divided by j(-5).
41
Suppose -6*p = p - 5*z - 616, 3*p - 2*z = 264. What is the remainder when p is divided by (-93)/(-4) - 4/16?
19
Suppose 0 = 2*o - c - 97, 44 = -25*o + 26*o + 4*c. What is the remainder when o is divided by 26?
22
Let h(t) = -3*t + 96. What is the remainder when 268 is divided by h(2)?
88
Suppose 0 = -5*k - 8*d + 3*d + 125, -4*k = -d - 90. Calculate the remainder when 109 is divided by k.
17
Let x = 12 + 33. Let k = x - 73. Let f = k - -42. What is the remainder when 54 is divided by f?
12
What is the remainder when 24/10*(-24 + 39) is divided by 24?
12
Let a(n) = 6*n**2 - 2*n. Let j be a(2). Suppose j = -6*g + g. Calculate the remainder when (-8)/g*112/4 is divided by 19.
18
What is the remainder when 39 is divided by 2/(-10)*5 - (-23 + 1)?
18
Calculate the remainder when 3*5732/84 - (-10)/35 is divided by 69.
67
Let q(m) be the first derivative of 4*m + 1/3*m**3 - 5 + m**2. Calculate the remainder when q(-5) is divided by 10.
9
Suppose 4*f - 190 = 190. Suppose h + 134 = 3*h. Let p = 99 - h. Calculate the remainder when f is divided by p.
31
Calculate the remainder when (-2)/(10/15) + 10 is divided by 6.
1
Suppose -273 = 171*j - 178*j. What is the remainder when 151 is divided by j?
34
Let t = 30 - 16. Let l(f) = -6*f + 3. Let p(h) = -h + 1. Let d(g) = -l(g) - 4*p(g). What is the remainder when d(6) is divided by t?
11
Suppose -2*t + 39 = 3*f, -4*f - 3*t + 4 = -47. Calculate the remainder when f is divided by (-35 - -42)*6/7.
3
Let t(d) = -d + 2*d + 4 + 0*d - 2. Let z be t(0). Suppose z*x = 4*h - 156, 2*h - 5*x = -0*h + 94. What is the remainder when h is divided by 13?
11
Let v = -1171 + 1203. Calculate the remainder when 167 is divided by v.
7
Let x = 117 - 73. Let v = 50 - 33. Let a = 6 + v. What is the remainder when x is divided by a?
21
Let t = 557 - 394. Calculate the remainder when t is divided by 24.
19
Let o = -67 - -70. Suppose 0 = -3*f + 2*f + o. Calculate the remainder when f is divided by 2.
1
Let t = 33 + -15. What is the remainder when 33 - (-2 - 0)*-1 is divided by t?
13
Suppose -2*f - 5 = -5. Suppose f = -3*r + r + 8, r = -3*k + 82. What is the remainder when 74 is divided by k?
22
Suppose l + 5*m + 9 = 0, -2*m + 32 = -4*l + 106. Suppose l = 4*c, 4*k + 12 = 2*c + c. Suppose -87 = -u - k*u. What is the remainder when u is divided by 22?
21
Let a(z) = -16*z - 55. What is the remainder when a(-11) is divided by 34?
19
Suppose 3*n = 2*z + 28, -5*z + 22 = 2. What is the remainder when 30 is divided by 153/n + 3 - (-3)/12?
14
Suppose 3*z + 121 + 77 = 0. Let a = -43 - -140. Let i = a + z. What is the remainder when i is divided by 8?
7
Let s(f) = 5*f**2 - 2*f - 2*f + 68 - 59. Calculate the remainder when s(3) is divided by 23.
19
Let p(u) = u**3 + 20*u**2 + 31*u - 11. Calculate the remainder when p(-17) is divided by 66.
65
Suppose -2*u = 4*v + 20 - 0, u + 4*v = -20. Suppose 0*h + 13*h - 195 = u. What is the remainder when 43 is divided by h?
13
Suppose 115 = -2*t + 7*t. Suppose -b - 4*b = a - 88, 138 = a - 5*b. Calculate the remainder when a is divided by t.
21
Calculate the remainder when (-1239)/(-12) - 5/20 is divided by 21.
19
Let f(b) = -30*b - 89. What is the remainder when 57 is divided by f(-4)?
26
Suppose 0 = 2*k + 4 - 8. Suppose -k*a + 3*a = 24. What is the remainder when 190 is divided by a?
22
Calculate the remainder when 2/(6/(-9)) - -243 is divided by 11.
9
Suppose 5*h + 44 - 294 = 0. Let s(n) = n**3 + 8*n**2 - 7*n + 5. Let r be s(-9). Let x = r - -30. Calculate the remainder when h is divided by x.
16
Calculate the remainder when 2576/13 + ((-2955)/195 - -15) is divided by 59.
21
Let i be 1/((-2 + 1)/(-3)). Suppose -g = d - 24, -3*d - i*g + 50 = -d. Let w(v) = v**3 - 5*v**2 + v. What is the remainder when d is divided by w(5)?
2
Let 